{"id":9877,"date":"2026-06-17T11:51:48","date_gmt":"2026-06-17T11:51:48","guid":{"rendered":"https:\/\/staging-eventrend.hu\/dij\/innovativ-cegvezeto-kulondijat-kapott-az-eventrend-alapitoja\/"},"modified":"2026-06-30T13:45:09","modified_gmt":"2026-06-30T13:45:09","slug":"the-founder-of-eventrend-received-a-special-award-for-innovative-leadership","status":"publish","type":"award","link":"https:\/\/eventrend.hu\/en\/dij\/innovativ-cegvezeto-kulondijat-kapott-az-eventrend-alapitoja\/","title":{"rendered":"The founder of Eventrend received a special award for Innovative Business Leadership"},"content":{"rendered":"<p>At the \u201cBusiness Leader of the Year\u201d gala, organized for the sixth time by Behaviour Magazine, G\u00e1bor Nagy, founder and owner of Eventrend Group, received the Special Award for Innovative Business Leader as a finalist in the large enterprise category. The award recognizes more than three decades of steady leadership and community-building work carried out jointly with co-founder Zolt\u00e1n K\u0151r\u00f6ssy.<\/p>","protected":false},"excerpt":{"rendered":"<p>At the \u201cBusiness Leader of the Year\u201d gala, organized for the sixth time by Behaviour Magazine, G\u00e1bor Nagy, founder and owner of Eventrend Group, received the Special Award for Innovative Business Leader as a finalist in the large enterprise category. The award recognizes more than three decades of steady leadership and community-building work carried out jointly with co-founder Zolt\u00e1n K\u0151r\u00f6ssy.<\/p>","protected":false},"featured_media":9878,"menu_order":21,"template":"","award_tag":[72],"class_list":["post-9877","award","type-award","status-publish","has-post-thumbnail","hentry","award_tag-eventrend-group"],"acf":[],"_links":{"self":[{"href":"https:\/\/eventrend.hu\/en\/wp-json\/wp\/v2\/award\/9877","targetHints":{"allow":["GET"]}}],"collection":[{"href":"https:\/\/eventrend.hu\/en\/wp-json\/wp\/v2\/award"}],"about":[{"href":"https:\/\/eventrend.hu\/en\/wp-json\/wp\/v2\/types\/award"}],"wp:featuredmedia":[{"embeddable":true,"href":"https:\/\/eventrend.hu\/en\/wp-json\/wp\/v2\/media\/9878"}],"wp:attachment":[{"href":"https:\/\/eventrend.hu\/en\/wp-json\/wp\/v2\/media?parent=9877"}],"wp:term":[{"taxonomy":"award_tag","embeddable":true,"href":"https:\/\/eventrend.hu\/en\/wp-json\/wp\/v2\/award_tag?post=9877"}],"curies":[{"name":"wp","href":"https:\/\/api.w.org\/{rel}","templated":true}]}}

<p>At the “Business Leader of the Year” gala, organized for the sixth time by Behaviour Magazine, Gábor Nagy, founder and owner of Eventrend Group, received the Special Award for Innovative Business Leader as a finalist in the large enterprise category. The award recognizes more than three decades of steady leadership and community-building work carried out jointly with co-founder Zoltán Kőrössy.</p>
