{"id":462,"date":"2025-06-03T06:49:31","date_gmt":"2025-06-03T06:49:31","guid":{"rendered":"https:\/\/staging-eventrend.hu\/?post_type=project&#038;p=462"},"modified":"2026-08-26T02:44:00","modified_gmt":"2026-08-26T02:44:00","slug":"hazai-provence","status":"publish","type":"project","link":"https:\/\/eventrend.hu\/en\/project\/hazai-provence\/","title":{"rendered":"PROVENCE AT HOME****"},"content":{"rendered":"<p><span style=\"font-weight: 400;\">A HAZAI PROVENCE BUTIKHOTEL**** egy 11 szob\u00e1s, 4 csillagos boutique sz\u00e1ll\u00e1shely <\/span><b>Kapolcson, a Balaton-felvid\u00e9k sz\u00edv\u00e9ben. <\/b><span style=\"font-weight: 400;\">Egyedi hangulat\u00fa szob\u00e1i, priv\u00e1t wellness\u00e9lm\u00e9nye \u00e9s provence-i atmoszf\u00e9r\u00e1ja azoknak sz\u00f3l, akik nem egyszer\u0171 sz\u00e1ll\u00e1st keresnek, hanem csendes, karakteres \u00e9s szem\u00e9lyes pihen\u00e9st. A h\u00e1z romantikus vid\u00e9ki sz\u00e1ll\u00e1sk\u00e9nt is ide\u00e1lis v\u00e1laszt\u00e1s <\/span><b>h\u00e9tv\u00e9g\u00e9khez, gasztro\u00e9lm\u00e9nyekhez \u00e9s az elm\u00e9ly\u00fclt wellness pihen\u00e9shez, <\/b><span style=\"font-weight: 400;\">ahol a term\u00e9szet k\u00f6zels\u00e9ge \u00e9s a gondosan megtervezett r\u00e9szletek egy\u00fctt teremtenek k\u00fcl\u00f6nleges \u00e9lm\u00e9nyt.<\/span><\/p>\n<div class=\"row align-items-center justify-content-center\" data-elementor-columns-tablet=\"2\" data-elementor-columns-mobile=\"1\">\n<div class=\"column-item\">\n<ul class=\"custom-list\">\n<li><strong>Egyedi karakter\u0171 szob\u00e1k: <\/strong><span style=\"font-weight: 400;\">A 11 szoba mindegyike saj\u00e1t hangulattal, elt\u00e9r\u0151 enteri\u0151rrel \u00e9s egyedi t\u00f6rt\u00e9nettel v\u00e1rja vend\u00e9geit.<\/span><\/li>\n<li><strong>Michelin-aj\u00e1nlott gasztron\u00f3mia: <\/strong><span style=\"font-weight: 400;\">A 84 Bisztr\u00f3 szezon\u00e1lis fog\u00e1sai a Balaton-felvid\u00e9k alapanyagaib\u00f3l k\u00e9sz\u00fclnek, modern szeml\u00e9lettel.<\/span><\/li>\n<\/ul>\n<\/div>\n<div class=\"column-item\">\n<ul class=\"custom-list\">\n<li><strong>Levendul\u00e1s kert: <\/strong>A sz\u00e1lloda egyik ikonikus eleme, amely a provence-i hangulat \u00e9s a nyugodt vid\u00e9ki pihen\u00e9s meghat\u00e1roz\u00f3 r\u00e9sze.<\/li>\n<li><strong>Intim wellness\u00e9lm\u00e9ny: <\/strong>Jacuzzi, szauna \u00e9s priv\u00e1t wellness lehet\u0151s\u00e9gek az elm\u00e9ly\u00fclt kikapcsol\u00f3d\u00e1s\u00e9rt.<\/li>\n<\/ul>\n<\/div>\n<\/div>","protected":false},"excerpt":{"rendered":"<p>A HAZAI PROVENCE BUTIKHOTEL**** egy 11 szob\u00e1s, 4 csillagos boutique sz\u00e1ll\u00e1shely Kapolcson, a Balaton-felvid\u00e9k sz\u00edv\u00e9ben. Egyedi hangulat\u00fa szob\u00e1i, priv\u00e1t wellness\u00e9lm\u00e9nye \u00e9s provence-i atmoszf\u00e9r\u00e1ja azoknak sz\u00f3l, akik nem egyszer\u0171 sz\u00e1ll\u00e1st keresnek, hanem csendes, karakteres \u00e9s szem\u00e9lyes pihen\u00e9st. A h\u00e1z romantikus vid\u00e9ki sz\u00e1ll\u00e1sk\u00e9nt is ide\u00e1lis v\u00e1laszt\u00e1s h\u00e9tv\u00e9g\u00e9khez, gasztro\u00e9lm\u00e9nyekhez \u00e9s az elm\u00e9ly\u00fclt wellness pihen\u00e9shez, ahol a term\u00e9szet k\u00f6zels\u00e9ge [&hellip;]<\/p>\n","protected":false},"author":1,"featured_media":13053,"template":"","class_list":["post-462","project","type-project","status-publish","has-post-thumbnail","hentry","project-category-gourmet-gasztroelmeny"],"acf":[],"_links":{"self":[{"href":"https:\/\/eventrend.hu\/en\/wp-json\/wp\/v2\/project\/462","targetHints":{"allow":["GET"]}}],"collection":[{"href":"https:\/\/eventrend.hu\/en\/wp-json\/wp\/v2\/project"}],"about":[{"href":"https:\/\/eventrend.hu\/en\/wp-json\/wp\/v2\/types\/project"}],"author":[{"embeddable":true,"href":"https:\/\/eventrend.hu\/en\/wp-json\/wp\/v2\/users\/1"}],"version-history":[{"count":7,"href":"https:\/\/eventrend.hu\/en\/wp-json\/wp\/v2\/project\/462\/revisions"}],"predecessor-version":[{"id":17206,"href":"https:\/\/eventrend.hu\/en\/wp-json\/wp\/v2\/project\/462\/revisions\/17206"}],"wp:featuredmedia":[{"embeddable":true,"href":"https:\/\/eventrend.hu\/en\/wp-json\/wp\/v2\/media\/13053"}],"wp:attachment":[{"href":"https:\/\/eventrend.hu\/en\/wp-json\/wp\/v2\/media?parent=462"}],"curies":[{"name":"wp","href":"https:\/\/api.w.org\/{rel}","templated":true}]}}

<p><span style="font-weight: 400;">A HAZAI PROVENCE BUTIKHOTEL**** egy 11 szobás, 4 csillagos boutique szálláshely </span><b>Kapolcson, a Balaton-felvidék szívében. </b><span style="font-weight: 400;">Egyedi hangulatú szobái, privát wellnessélménye és provence-i atmoszférája azoknak szól, akik nem egyszerű szállást keresnek, hanem csendes, karakteres és személyes pihenést. A ház romantikus vidéki szállásként is ideális választás </span><b>hétvégékhez, gasztroélményekhez és az elmélyült wellness pihenéshez, </b><span style="font-weight: 400;">ahol a természet közelsége és a gondosan megtervezett részletek együtt teremtenek különleges élményt.</span></p>
<div class="row align-items-center justify-content-center" data-elementor-columns-tablet="2" data-elementor-columns-mobile="1">
<div class="column-item">
<ul class="custom-list">
<li><strong>Egyedi karakterű szobák: </strong><span style="font-weight: 400;">A 11 szoba mindegyike saját hangulattal, eltérő enteriőrrel és egyedi történettel várja vendégeit.</span></li>
<li><strong>Michelin-ajánlott gasztronómia: </strong><span style="font-weight: 400;">A 84 Bisztró szezonális fogásai a Balaton-felvidék alapanyagaiból készülnek, modern szemlélettel.</span></li>
</ul>
</div>
<div class="column-item">
<ul class="custom-list">
<li><strong>Levendulás kert: </strong>A szálloda egyik ikonikus eleme, amely a provence-i hangulat és a nyugodt vidéki pihenés meghatározó része.</li>
<li><strong>Intim wellnessélmény: </strong>Jacuzzi, szauna és privát wellness lehetőségek az elmélyült kikapcsolódásért.</li>
</ul>
</div>
</div>

<p>A HAZAI PROVENCE BUTIKHOTEL**** egy 11 szobás, 4 csillagos boutique szálláshely Kapolcson, a Balaton-felvidék szívében. Egyedi hangulatú szobái, privát wellnessélménye és provence-i atmoszférája azoknak szól, akik nem egyszerű szállást keresnek, hanem csendes, karakteres és személyes pihenést. A ház romantikus vidéki szállásként is ideális választás hétvégékhez, gasztroélményekhez és az elmélyült wellness pihenéshez, ahol a természet közelsége [&hellip;]</p>
